





{"id":3298,"date":"2021-03-01T20:14:42","date_gmt":"2021-03-01T17:14:42","guid":{"rendered":"https:\/\/rtgmuhendislik.com\/?page_id=3298"},"modified":"2021-03-01T20:14:42","modified_gmt":"2021-03-01T17:14:42","slug":"elektronik-geri-donusum-3","status":"publish","type":"page","link":"https:\/\/rtgmuhendislik.com\/index.php\/elektronik-geri-donusum-3\/","title":{"rendered":"Elektronik Geri D\u00f6n\u00fc\u015f\u00fcm"},"content":{"rendered":"<p>[vc_row][vc_column][vc_empty_space][\/vc_column][\/vc_row][vc_row][vc_column][vc_custom_heading text=&#8221;Elektronik Geri D\u00f6n\u00fc\u015f\u00fcm&#8221; font_container=&#8221;tag:h3|text_align:left&#8221;][\/vc_column][\/vc_row][vc_row][vc_column width=&#8221;2\/3&#8243;][vc_column_text]Elektronik aletlerin zamanla olu\u015fturudu\u011fu elektronik at\u0131klar\u0131n geri d\u00f6\u015f\u00fcn\u00fcm\u00fcn\u00fc yapan tesislerin kurulumunu, devreye almas\u0131n\u0131 ve bak\u0131m hizmetlerini yapmaktay\u0131z[\/vc_column_text][\/vc_column][vc_column width=&#8221;1\/3&#8243;][vc_single_image image=&#8221;3299&#8243; img_size=&#8221;full&#8221;][\/vc_column][\/vc_row]<\/p>\n","protected":false},"excerpt":{"rendered":"<p>[vc_row][vc_column][vc_empty_space][\/vc_column][\/vc_row][vc_row][vc_column][vc_custom_heading text=&#8221;Elektronik Geri D\u00f6n\u00fc\u015f\u00fcm&#8221; font_container=&#8221;tag:h3|text_align:left&#8221;][\/vc_column][\/vc_row][vc_row][vc_column width=&#8221;2\/3&#8243;][vc_column_text]Elektronik aletlerin zamanla olu\u015fturudu\u011fu elektronik at\u0131klar\u0131n geri d\u00f6\u015f\u00fcn\u00fcm\u00fcn\u00fc yapan tesislerin kurulumunu, devreye almas\u0131n\u0131 ve bak\u0131m hizmetlerini yapmaktay\u0131z[\/vc_column_text][\/vc_column][vc_column width=&#8221;1\/3&#8243;][vc_single_image image=&#8221;3299&#8243; img_size=&#8221;full&#8221;][\/vc_column][\/vc_row]<\/p>\n","protected":false},"author":1,"featured_media":0,"parent":0,"menu_order":0,"comment_status":"closed","ping_status":"closed","template":"","meta":[],"_links":{"self":[{"href":"https:\/\/rtgmuhendislik.com\/index.php\/wp-json\/wp\/v2\/pages\/3298"}],"collection":[{"href":"https:\/\/rtgmuhendislik.com\/index.php\/wp-json\/wp\/v2\/pages"}],"about":[{"href":"https:\/\/rtgmuhendislik.com\/index.php\/wp-json\/wp\/v2\/types\/page"}],"author":[{"embeddable":true,"href":"https:\/\/rtgmuhendislik.com\/index.php\/wp-json\/wp\/v2\/users\/1"}],"replies":[{"embeddable":true,"href":"https:\/\/rtgmuhendislik.com\/index.php\/wp-json\/wp\/v2\/comments?post=3298"}],"version-history":[{"count":0,"href":"https:\/\/rtgmuhendislik.com\/index.php\/wp-json\/wp\/v2\/pages\/3298\/revisions"}],"wp:attachment":[{"href":"https:\/\/rtgmuhendislik.com\/index.php\/wp-json\/wp\/v2\/media?parent=3298"}],"curies":[{"name":"wp","href":"https:\/\/api.w.org\/{rel}","templated":true}]}}