





{"id":3292,"date":"2021-03-01T20:12:19","date_gmt":"2021-03-01T17:12:19","guid":{"rendered":"https:\/\/rtgmuhendislik.com\/?page_id=3292"},"modified":"2021-03-01T20:12:38","modified_gmt":"2021-03-01T17:12:38","slug":"biyometan-gazi-tesisleri-2","status":"publish","type":"page","link":"https:\/\/rtgmuhendislik.com\/index.php\/biyometan-gazi-tesisleri-2\/","title":{"rendered":"Biyometan Gaz\u0131 Tesisleri"},"content":{"rendered":"<p>[vc_row][vc_column][vc_empty_space][\/vc_column][\/vc_row][vc_row][vc_column][vc_custom_heading text=&#8221;Biyometan Gaz\u0131 Tesisleri&#8221; font_container=&#8221;tag:h3|text_align:left&#8221;][\/vc_column][\/vc_row][vc_row][vc_column width=&#8221;2\/3&#8243;][vc_column_text]Do\u011fal kaynaklar\u0131n t\u00fcketilmeden tamamen tarihi ge\u00e7mi\u015f g\u0131dalar kullan\u0131larak \u00fcretilen gaz\u0131n elektrik enerjisine \u00e7evrildi\u011fi bu \u00e7evreci tesislerin kurulumunu ve devreye almas\u0131n\u0131 yapmaktay\u0131z.[\/vc_column_text][\/vc_column][vc_column width=&#8221;1\/3&#8243;][vc_single_image image=&#8221;3293&#8243; img_size=&#8221;full&#8221;][\/vc_column][\/vc_row]<\/p>\n","protected":false},"excerpt":{"rendered":"<p>[vc_row][vc_column][vc_empty_space][\/vc_column][\/vc_row][vc_row][vc_column][vc_custom_heading text=&#8221;Biyometan Gaz\u0131 Tesisleri&#8221; font_container=&#8221;tag:h3|text_align:left&#8221;][\/vc_column][\/vc_row][vc_row][vc_column width=&#8221;2\/3&#8243;][vc_column_text]Do\u011fal kaynaklar\u0131n t\u00fcketilmeden tamamen tarihi ge\u00e7mi\u015f g\u0131dalar kullan\u0131larak \u00fcretilen gaz\u0131n elektrik enerjisine \u00e7evrildi\u011fi bu \u00e7evreci tesislerin kurulumunu ve devreye almas\u0131n\u0131 yapmaktay\u0131z.[\/vc_column_text][\/vc_column][vc_column width=&#8221;1\/3&#8243;][vc_single_image image=&#8221;3293&#8243; img_size=&#8221;full&#8221;][\/vc_column][\/vc_row]<\/p>\n","protected":false},"author":1,"featured_media":0,"parent":0,"menu_order":0,"comment_status":"closed","ping_status":"closed","template":"","meta":[],"_links":{"self":[{"href":"https:\/\/rtgmuhendislik.com\/index.php\/wp-json\/wp\/v2\/pages\/3292"}],"collection":[{"href":"https:\/\/rtgmuhendislik.com\/index.php\/wp-json\/wp\/v2\/pages"}],"about":[{"href":"https:\/\/rtgmuhendislik.com\/index.php\/wp-json\/wp\/v2\/types\/page"}],"author":[{"embeddable":true,"href":"https:\/\/rtgmuhendislik.com\/index.php\/wp-json\/wp\/v2\/users\/1"}],"replies":[{"embeddable":true,"href":"https:\/\/rtgmuhendislik.com\/index.php\/wp-json\/wp\/v2\/comments?post=3292"}],"version-history":[{"count":0,"href":"https:\/\/rtgmuhendislik.com\/index.php\/wp-json\/wp\/v2\/pages\/3292\/revisions"}],"wp:attachment":[{"href":"https:\/\/rtgmuhendislik.com\/index.php\/wp-json\/wp\/v2\/media?parent=3292"}],"curies":[{"name":"wp","href":"https:\/\/api.w.org\/{rel}","templated":true}]}}